{"id":6,"date":"2012-03-23T10:56:48","date_gmt":"2012-03-23T09:56:48","guid":{"rendered":"http:\/\/stachura-terlecka.pl\/?page_id=6"},"modified":"2016-01-08T08:05:01","modified_gmt":"2016-01-08T07:05:01","slug":"o-mnie","status":"publish","type":"page","link":"https:\/\/stachura-terlecka.pl\/","title":{"rendered":"O mnie"},"content":{"rendered":"<p style=\"text-align: justify;\">Bernadetta Stachura-Terlecka (ur. 21.03.1985r. w Tarnowie) &#8211;\u00a0 2005 roku uko\u0144czy\u0142am technikum elektroniczne ze specjalno\u015bci\u0105 Systemy Komputerowe w ZST w Tarnowie-Mo\u015bcicach uzyskuj\u0105c tytu\u0142 Technika Elektronika. W 2007 roku uko\u0144czy\u0142am PSI &#8220;\u017bak&#8221; kierunek Informatyka ze spec. Sieci Komputerowe uzyskuj\u0105c tytu\u0142 Technika Informatyka. W 2010 roku zako\u0144czy\u0142am studia I stopnia w Wy\u017cszej Szkole Informatyki i Zarz\u0105dzania z siedziba w Rzeszowie na kierunku Informatyka ze spec. Systemy i Sieci Komputerowe uzyskuj\u0105c tytu\u0142 in\u017cyniera informatyka. W 2013 roku uko\u0144czy\u0142am\u00a0studia II stopnia na kierunku Informatyka spec. Bezpiecze\u0144stwo i eksploracja danych elektronicznych. W 2014 roku uko\u0144czy\u0142am studia\u00a0na kierunku Bezpiecze\u0144stwo Wewn\u0119trzne w WSIiZ w Rzeszowie spec. Bezpiecze\u0144stwo i Porz\u0105dek Publiczny. Od pa\u017adziernika 2014 roku jestem doktorantk\u0105 w Akademii G\u00f3rniczo-Hutniczej &#8211; dyscyplina Informatyka.<\/p>\n","protected":false},"excerpt":{"rendered":"<p>Bernadetta Stachura-Terlecka (ur. 21.03.1985r. w Tarnowie) &#8211;\u00a0 2005 roku uko\u0144czy\u0142am technikum elektroniczne ze specjalno\u015bci\u0105 Systemy Komputerowe w ZST w Tarnowie-Mo\u015bcicach uzyskuj\u0105c tytu\u0142 Technika Elektronika. W 2007 roku uko\u0144czy\u0142am PSI &#8220;\u017bak&#8221; kierunek Informatyka ze spec. Sieci Komputerowe uzyskuj\u0105c tytu\u0142 Technika Informatyka. W 2010 roku zako\u0144czy\u0142am studia I stopnia w Wy\u017cszej Szkole Informatyki i Zarz\u0105dzania z siedziba [&hellip;]<\/p>\n","protected":false},"author":2,"featured_media":0,"parent":0,"menu_order":0,"comment_status":"closed","ping_status":"open","template":"","meta":[],"_links":{"self":[{"href":"https:\/\/stachura-terlecka.pl\/index.php?rest_route=\/wp\/v2\/pages\/6"}],"collection":[{"href":"https:\/\/stachura-terlecka.pl\/index.php?rest_route=\/wp\/v2\/pages"}],"about":[{"href":"https:\/\/stachura-terlecka.pl\/index.php?rest_route=\/wp\/v2\/types\/page"}],"author":[{"embeddable":true,"href":"https:\/\/stachura-terlecka.pl\/index.php?rest_route=\/wp\/v2\/users\/2"}],"replies":[{"embeddable":true,"href":"https:\/\/stachura-terlecka.pl\/index.php?rest_route=%2Fwp%2Fv2%2Fcomments&post=6"}],"version-history":[{"count":9,"href":"https:\/\/stachura-terlecka.pl\/index.php?rest_route=\/wp\/v2\/pages\/6\/revisions"}],"predecessor-version":[{"id":174,"href":"https:\/\/stachura-terlecka.pl\/index.php?rest_route=\/wp\/v2\/pages\/6\/revisions\/174"}],"wp:attachment":[{"href":"https:\/\/stachura-terlecka.pl\/index.php?rest_route=%2Fwp%2Fv2%2Fmedia&parent=6"}],"curies":[{"name":"wp","href":"https:\/\/api.w.org\/{rel}","templated":true}]}}